{"version":"1.0","provider_name":"ELIS El Limonar International British School Of Murcia","provider_url":"https:\/\/elismurcia.com\/es\/","author_name":"juanmiguel","author_url":"https:\/\/elismurcia.com\/es\/author\/juanmiguel\/","title":"\u00a1Un maravilloso Global Be Well Day 2022! - ELIS El Limonar International British School Of Murcia","type":"rich","width":600,"height":338,"html":"<blockquote class=\"wp-embedded-content\" data-secret=\"laSxKZ0nG8\"><a href=\"https:\/\/elismurcia.com\/es\/noticias-escolares\/global-be-well-day\/\">\u00a1Un maravilloso Global Be Well Day 2022!<\/a><\/blockquote><iframe sandbox=\"allow-scripts\" security=\"restricted\" src=\"https:\/\/elismurcia.com\/es\/noticias-escolares\/global-be-well-day\/embed\/#?secret=laSxKZ0nG8\" width=\"600\" height=\"338\" title=\"\u00ab\u00a1Un maravilloso Global Be Well Day 2022!\u00bb \u2014 ELIS El Limonar International British School Of Murcia\" data-secret=\"laSxKZ0nG8\" frameborder=\"0\" marginwidth=\"0\" marginheight=\"0\" scrolling=\"no\" class=\"wp-embedded-content\"><\/iframe><script type=\"text\/javascript\">\n\/* <![CDATA[ *\/\n\/*! This file is auto-generated *\/\n!function(d,l){\"use strict\";l.querySelector&&d.addEventListener&&\"undefined\"!=typeof URL&&(d.wp=d.wp||{},d.wp.receiveEmbedMessage||(d.wp.receiveEmbedMessage=function(e){var t=e.data;if((t||t.secret||t.message||t.value)&&!\/[^a-zA-Z0-9]\/.test(t.secret)){for(var s,r,n,a=l.querySelectorAll('iframe[data-secret=\"'+t.secret+'\"]'),o=l.querySelectorAll('blockquote[data-secret=\"'+t.secret+'\"]'),c=new RegExp(\"^https?:$\",\"i\"),i=0;i<o.length;i++)o[i].style.display=\"none\";for(i=0;i<a.length;i++)s=a[i],e.source===s.contentWindow&&(s.removeAttribute(\"style\"),\"height\"===t.message?(1e3<(r=parseInt(t.value,10))?r=1e3:~~r<200&&(r=200),s.height=r):\"link\"===t.message&&(r=new URL(s.getAttribute(\"src\")),n=new URL(t.value),c.test(n.protocol))&&n.host===r.host&&l.activeElement===s&&(d.top.location.href=t.value))}},d.addEventListener(\"message\",d.wp.receiveEmbedMessage,!1),l.addEventListener(\"DOMContentLoaded\",function(){for(var e,t,s=l.querySelectorAll(\"iframe.wp-embedded-content\"),r=0;r<s.length;r++)(t=(e=s[r]).getAttribute(\"data-secret\"))||(t=Math.random().toString(36).substring(2,12),e.src+=\"#?secret=\"+t,e.setAttribute(\"data-secret\",t)),e.contentWindow.postMessage({message:\"ready\",secret:t},\"*\")},!1)))}(window,document);\n\/\/# sourceURL=https:\/\/elismurcia.com\/wp-includes\/js\/wp-embed.min.js\n\/* ]]> *\/\n<\/script>\n","thumbnail_url":"https:\/\/elismurcia.com\/wp-content\/uploads\/sites\/110\/2023\/09\/GBWD-MU-8-scaled-1.png","thumbnail_width":1024,"thumbnail_height":764,"description":"Los estudiantes de ELIS Murcia se unieron el pasado viernes a m\u00e1s de 65.000 estudiantes y 15.000 profesionales de Cognita de todo el mundo para centrarse en la importancia del bienestar en la educaci\u00f3n. Nuestro colegio celebr\u00f3 una jornada totalmente diferente, fuera del curr\u00edculo habitual, con motivo del Global Be Well Day, un evento mundial liderado por Cognita, la familia de m\u00e1s de 90 colegios de la que ELIS Murcia es miembro."}

Los estudiantes de ELIS Murcia se unieron el pasado viernes a más de 65.000 estudiantes y 15.000 profesionales de Cognita de todo el mundo para centrarse en la importancia del bienestar en la educación. Nuestro colegio celebró una jornada totalmente diferente, fuera del currículo habitual, con motivo del Global Be Well Day, un evento mundial liderado por Cognita, la familia de más de 90 colegios de la que ELIS Murcia es miembro.
